{"id":80,"date":"2023-02-15T12:32:07","date_gmt":"2023-02-15T11:32:07","guid":{"rendered":"https:\/\/kionet.pl\/?page_id=80"},"modified":"2023-02-15T17:07:29","modified_gmt":"2023-02-15T16:07:29","slug":"smart-home","status":"publish","type":"page","link":"https:\/\/kionet.pl\/index.php\/smart-home\/","title":{"rendered":"Smart Home"},"content":{"rendered":"\n<p>Jeste\u015bmy specjalistami w dziedzinie nowoczesnych rozwi\u0105za\u0144 smart home. Oferujemy szeroki zakres us\u0142ug, kt\u00f3re pozwol\u0105 Ci na wprowadzenie innowacyjnych technologii do Twojego domu.<\/p>\n\n\n\n<p>Nasze us\u0142ugi obejmuj\u0105:<\/p>\n\n\n\n<ol class=\"wp-block-list\">\n<li>Projektowanie i instalacja urz\u0105dze\u0144 smart home &#8211; w oparciu o analiz\u0119 Twoich potrzeb, zaprojektujemy system smart home, kt\u00f3ry b\u0119dzie odpowiada\u0142 Twoim wymaganiom i pozwoli na zdalne sterowanie r\u00f3\u017cnymi urz\u0105dzeniami w Twoim domu. Nast\u0119pnie, zainstalujemy i skonfigurujemy wszystkie urz\u0105dzenia, takie jak inteligentne czujniki, o\u015bwietlenie, termostaty, kamery czy systemy alarmowe.<\/li>\n\n\n\n<li>Integracja urz\u0105dze\u0144 smart home &#8211; je\u015bli ju\u017c posiadasz urz\u0105dzenia smart home, ale chcesz, aby dzia\u0142a\u0142y bardziej zintegrowanie, mo\u017cemy pom\u00f3c Ci w integracji r\u00f3\u017cnych urz\u0105dze\u0144, dzi\u0119ki czemu b\u0119dziesz m\u00f3g\u0142 sterowa\u0107 nimi za pomoc\u0105 jednego systemu.<\/li>\n\n\n\n<li>Doradztwo w zakresie urz\u0105dze\u0144 smart home &#8211; je\u015bli potrzebujesz pomocy w wyborze odpowiednich urz\u0105dze\u0144 smart home, doradzimy Ci, jakie rozwi\u0105zania b\u0119d\u0105 najlepiej odpowiada\u0107 Twoim potrzebom i oczekiwaniom.<\/li>\n\n\n\n<li>Serwis i naprawa urz\u0105dze\u0144 smart home &#8211; w przypadku awarii lub problem\u00f3w z urz\u0105dzeniami smart home, oferujemy szybk\u0105 i profesjonaln\u0105 pomoc, kt\u00f3ra pozwoli na szybkie rozwi\u0105zanie problem\u00f3w.<\/li>\n<\/ol>\n\n\n\n<p>Gwarantujemy:<\/p>\n\n\n\n<ul class=\"wp-block-list\">\n<li>Indywidualne podej\u015bcie do ka\u017cdego klienta i dostosowanie oferty do jego potrzeb.<\/li>\n\n\n\n<li>Profesjonalne podej\u015bcie i szybk\u0105 reakcj\u0119 na potrzeby klienta.<\/li>\n\n\n\n<li>Terminowe i rzetelne wykonanie us\u0142ug.<\/li>\n\n\n\n<li>Wysok\u0105 jako\u015b\u0107 us\u0142ug i konkurencyjne ceny.<\/li>\n<\/ul>\n\n\n\n<p>Zapraszamy do skorzystania z naszych us\u0142ug i do\u0142\u0105czenia do grona zadowolonych klient\u00f3w!<\/p>\n\n\n\n<p>Je\u015bli potrzebujesz dodatkowych informacji, prosimy o kontakt z naszym zespo\u0142em.<\/p>\n","protected":false},"excerpt":{"rendered":"<p>Jeste\u015bmy specjalistami w dziedzinie nowoczesnych rozwi\u0105za\u0144 smart home. Oferujemy szeroki zakres us\u0142ug, kt\u00f3re pozwol\u0105 Ci na wprowadzenie innowacyjnych technologii do Twojego domu. Nasze us\u0142ugi obejmuj\u0105: Gwarantujemy: Zapraszamy do skorzystania z naszych us\u0142ug i do\u0142\u0105czenia do grona zadowolonych klient\u00f3w! Je\u015bli potrzebujesz dodatkowych informacji, prosimy o kontakt z naszym zespo\u0142em.<\/p>\n","protected":false},"author":1,"featured_media":0,"parent":0,"menu_order":0,"comment_status":"closed","ping_status":"closed","template":"","meta":{"footnotes":""},"class_list":["post-80","page","type-page","status-publish","hentry"],"_links":{"self":[{"href":"https:\/\/kionet.pl\/index.php\/wp-json\/wp\/v2\/pages\/80","targetHints":{"allow":["GET"]}}],"collection":[{"href":"https:\/\/kionet.pl\/index.php\/wp-json\/wp\/v2\/pages"}],"about":[{"href":"https:\/\/kionet.pl\/index.php\/wp-json\/wp\/v2\/types\/page"}],"author":[{"embeddable":true,"href":"https:\/\/kionet.pl\/index.php\/wp-json\/wp\/v2\/users\/1"}],"replies":[{"embeddable":true,"href":"https:\/\/kionet.pl\/index.php\/wp-json\/wp\/v2\/comments?post=80"}],"version-history":[{"count":4,"href":"https:\/\/kionet.pl\/index.php\/wp-json\/wp\/v2\/pages\/80\/revisions"}],"predecessor-version":[{"id":95,"href":"https:\/\/kionet.pl\/index.php\/wp-json\/wp\/v2\/pages\/80\/revisions\/95"}],"wp:attachment":[{"href":"https:\/\/kionet.pl\/index.php\/wp-json\/wp\/v2\/media?parent=80"}],"curies":[{"name":"wp","href":"https:\/\/api.w.org\/{rel}","templated":true}]}}